t are the prime factors of 3580758?
2, 3, 331, 601
What are the prime factors of 11949503?
179, 241, 277
List the prime factors of 403404.
2, 3, 33617
List the prime factors of 219081.
3, 103, 709
List the prime factors of 356588.
2, 239, 373
What are the prime factors of 584275?
5, 23371
What are the prime factors of 1344694?
2, 13, 51719
What are the prime factors of 2021095?
5, 41, 9859
List the prime factors of 23025152.
2, 44971
List the prime factors of 2319998.
2, 59, 19661
List the prime factors of 8477125.
5, 73, 929
What are the prime factors of 8508516?
2, 3, 709043
What are the prime factors of 147528?
2, 3, 683
What are the prime factors of 99124?
2, 24781
What are the prime factors of 1384913?
1384913
List the prime factors of 18455485.
5, 67, 89, 619
List the prime factors of 1508651.
1508651
What are the prime factors of 4594376?
2, 574297
What are the prime factors of 2357767?
19, 31, 4003
List the prime factors of 221063.
43, 53, 97
What are the prime factors of 581223?
3, 193741
List the prime factors of 10276695.
3, 5, 11, 13, 1597
What are the prime factors of 42932?
2, 10733
What are the prime factors of 173943?
3, 7, 11, 251
List the prime factors of 376949.
376949
What are the prime factors of 90390?
2, 3, 5, 23, 131
List the prime factors of 395906.
2, 7, 28279
List the prime factors of 3090280.
2, 5, 23, 3359
List the prime factors of 121836.
2, 3, 11, 13, 71
What are the prime factors of 13352556?
2, 3, 7, 158959
List the prime factors of 158076.
2, 3, 4391
What are the prime factors of 6150790?
2, 5, 89, 6911
List the prime factors of 783977.
523, 1499
List the prime factors of 182265.
3, 5, 29, 419
List the prime factors of 4278907.
479, 8933
List the prime factors of 26129620.
2, 5, 11, 73, 1627
What are the prime factors of 112030?
2, 5, 17, 659
What are the prime factors of 3352259?
1279, 2621
What are the prime factors of 413189?
7, 67, 881
List the prime factors of 65078.
2, 13, 2503
What are the prime factors of 12766302?
2, 3, 59, 4007
What are the prime factors of 345054?
2, 3, 131, 439
What are the prime factors of 108281?
19, 41, 139
List the prime factors of 2923572.
2, 3, 243631
List the prime factors of 3602551.
1609, 2239
What are the prime factors of 1168692?
2, 3, 7, 13913
List the prime factors of 17780325.
3, 5, 237071
List the prime factors of 325195.
5, 13, 5003
What are the prime factors of 6027653?
6027653
List the prime factors of 7925851.
7925851
List the prime factors of 30393795.
3, 5, 31, 163, 401
List the prime factors of 704461.
704461
List the prime factors of 85258.
2, 47, 907
What are the prime factors of 2704039?
13, 208003
What are the prime factors of 5728554?
2, 3, 13, 24481
What are the prime factors of 726011?
11, 13, 5077
List the prime factors of 2352954.
2, 3, 392159
List the prime factors of 1227467.
853, 1439
What are the prime factors of 4987690?
2, 5, 19, 26251
What are the prime factors of 73193?
53, 1381
What are the prime factors of 20659727?
11, 23, 37, 2207
List the prime factors of 2529282.
2, 3, 7, 1229
List the prime factors of 3036699.
3, 337411
What are the prime factors of 16293139?
16293139
List the prime factors of 1428301.
7, 103, 283
List the prime factors of 3911543.
3911543
List the prime factors of 26176.
2, 409
What are the prime factors of 2344624?
2, 146539
List the prime factors of 25958745.
3, 5, 17, 11311
List the prime factors of 5861636.
2, 11, 101, 1319
List the prime factors of 9365.
5, 1873
What are the prime factors of 387929?
113, 3433
List the prime factors of 7961478.
2, 3, 7, 189559
List the prime factors of 211919.
73, 2903
List the prime factors of 346867.
346867
What are the prime factors of 1071893?
503, 2131
What are the prime factors of 30805063?
41, 751343
List the prime factors of 6261669.
3, 47, 113, 131
List the prime factors of 1145731.
137, 8363
List the prime factors of 8999974.
2, 199, 22613
What are the prime factors of 175370?
2, 5, 13, 19, 71
List the prime factors of 586788.
2, 3, 107, 457
What are the prime factors of 3223544?
2, 402943
List the prime factors of 131996.
2, 32999
List the prime factors of 1736421.
3, 193, 2999
List the prime factors of 888664.
2, 7, 2267
List the prime factors of 123580.
2, 5, 37, 167
List the prime factors of 783234.
2, 3, 53, 821
What are the prime factors of 8223351?
3, 23, 119179
What are the prime factors of 399144?
2, 3, 16631
List the prime factors of 588905.
5, 19, 6199
List the prime factors of 448841.
367, 1223
List the prime factors of 1377092.
2, 344273
List the prime factors of 22938198.
2, 3, 1709, 2237
What are the prime factors of 2367172?
2, 19, 31147
List the prime factors of 2692001.
13, 17, 937
What are the prime factors of 686207?
443, 1549
List the prime factors of 491190.
2, 3, 5, 7, 2339
List the prime factors of 552204.
2, 3, 5113
What are the prime factors of 1030519?
7, 21031
What are the prime factors of 152619?
3, 50873
List the prime factors of 229136.
2, 14321
What are the prime factors of 562779?
3, 7, 8933
List the prime factors of 832493.
832493
List the prime factors of 2149340.
2, 5, 107467
What are the prime factors of 1716865?
5, 343373
List the prime factors of 2076682.
2, 59, 17599
List the prime factors of 310721.
310721
List the prime factors of 254609.
17, 881
List the prime factors of 910947.
3, 303649
List the prime factors of 1796488.
2, 19, 53, 223
What are the prime factors of 292334?
2, 7, 19, 157
List the prime factors of 14385494.
2, 839, 8573
List the prime factors of 739338.
2, 3, 149, 827
List the prime factors of 1544081.
7, 11, 1823
List the prime factors of 132665.
5, 13, 157
What are the prime factors of 256265?
5, 107, 479
What are the prime factors of 171068?
2, 42767
What are the prime factors of 18626898?
2, 3, 3104483
What are the prime factors of 282244?
2, 41, 1721
List the prime factors of 1955141.
1955141
What are the prime factors of 148351?
7, 21193
List the prime factors of 32266700.
2, 5, 23, 14029
What are the prime factors of 4037170?
2, 5, 403717
List the prime factors of 453287.
37, 12251
List the prime factors of 36814.
2, 79, 233
What are the prime factors of 1085736?
2, 3, 19, 2381
List the prime factors of 13237737.
3, 19, 71, 3271
List the prime factors of 272206.
2, 11, 12373
What are the prime factors of 231221?
59, 3919
List the prime factors of 607519.
11, 55229
List the prime factors of 391744.
2, 6121
What are the prime factors of 99695?
5, 127, 157
List the prime factors of 1694645.
5, 17, 19937
List the prime factors of 86915.
5, 17383
List the prime factors of 1621740.
2, 3, 5, 151, 179
What are the prime factors of 16146562?
2, 29, 167, 1667
List the prime factors of 111291.
3, 37097
What are the prime factors of 11777332?
2, 7, 41, 10259
List the prime factors of 24355437.
3, 83, 97813
List the prime factors of 251360.
2, 5, 1571
What are the prime factors of 49498?
2, 24749
What are the prime factors of 24135085?
5, 13, 151, 2459
What are the prime factors of 11170838?
2, 7, 797917
What are the prime factors of 497770?
2, 5, 7, 13, 547
What are the prime factors of 456599?
11, 13, 31, 103
What are the prime factors of 1189044?
2, 3, 33029
List the prime factors of 2684738.
2, 7, 19, 10093
What are the prime factors of 669593?
661, 1013
What are the prime factors of 7205784?
2, 3, 113, 2657
List the prime factors of 112442.
2, 11, 19, 269
What are the prime factors of 2848878?
2, 3, 52757
What are the prime factors of 263883?
3, 87961
What are the prime factors of 1431055?
5, 157, 1823
List the prime factors of 90547.
90547
List the prime factors of 256624.
2, 43, 373
List the prime factors of 13382.
2, 6691
What are the prime factors of 591250?
2, 5, 11, 43
List the prime factors of 1459510.
2, 5, 13, 103, 109
What are the prime factors of 13897998?
2, 3, 599, 1289
List the prime factors of 9043483.
71, 127373
List the prime factors of 8796963.
3, 7, 31, 13513
List the prime factors of 302380.
2, 5, 13, 1163
What are the prime factors of 317807?
7, 83, 547
What are the prime factors of 19711?
23, 857
List the prime factors of 1804483.
647, 2789
List the prime factors of 22759723.
7, 3251389
What are the prime factors of 333826?
2, 83, 2011
List the prime factors of 695266.
2, 11, 13, 17
What